s the remainder when 1998 is divided by 995?
8
Calculate the remainder when 207 is divided by 58.
33
Calculate the remainder when 3452 is divided by 1148.
8
Calculate the remainder when 6396 is divided by 9.
6
What is the remainder when 943 is divided by 21?
19
Calculate the remainder when 762 is divided by 24.
18
Calculate the remainder when 158 is divided by 20.
18
Calculate the remainder when 8733 is divided by 156.
153
What is the remainder when 149 is divided by 41?
26
Calculate the remainder when 1661 is divided by 112.
93
What is the remainder when 332 is divided by 18?
8
Calculate the remainder when 3736 is divided by 747.
1
What is the remainder when 377 is divided by 19?
16
What is the remainder when 938 is divided by 200?
138
Calculate the remainder when 425 is divided by 27.
20
Calculate the remainder when 169 is divided by 15.
4
What is the remainder when 26187 is divided by 30?
27
Calculate the remainder when 474 is divided by 115.
14
Calculate the remainder when 66 is divided by 28.
10
What is the remainder when 571 is divided by 29?
20
Calculate the remainder when 187 is divided by 82.
23
What is the remainder when 95 is divided by 49?
46
What is the remainder when 438 is divided by 55?
53
What is the remainder when 513 is divided by 252?
9
Calculate the remainder when 2616 is divided by 97.
94
What is the remainder when 196 is divided by 134?
62
Calculate the remainder when 551 is divided by 87.
29
What is the remainder when 15518 is divided by 40?
38
Calculate the remainder when 332 is divided by 117.
98
What is the remainder when 3756 is divided by 13?
12
Calculate the remainder when 286 is divided by 72.
70
What is the remainder when 290 is divided by 14?
10
Calculate the remainder when 117 is divided by 49.
19
Calculate the remainder when 232 is divided by 15.
7
What is the remainder when 2078 is divided by 40?
38
What is the remainder when 288 is divided by 17?
16
Calculate the remainder when 213 is divided by 49.
17
Calculate the remainder when 134 is divided by 28.
22
Calculate the remainder when 548 is divided by 29.
26
What is the remainder when 250 is divided by 12?
10
What is the remainder when 143 is divided by 27?
8
Calculate the remainder when 444 is divided by 90.
84
Calculate the remainder when 243 is divided by 242.
1
What is the remainder when 536 is divided by 54?
50
Calculate the remainder when 3027 is divided by 3023.
4
What is the remainder when 4183 is divided by 46?
43
Calculate the remainder when 252 is divided by 11.
10
Calculate the remainder when 1659 is divided by 18.
3
What is the remainder when 777 is divided by 52?
49
Calculate the remainder when 8727 is divided by 2903.
18
Calculate the remainder when 1497 is divided by 362.
49
Calculate the remainder when 1323 is divided by 57.
12
What is the remainder when 15844 is divided by 278?
276
Calculate the remainder when 1376 is divided by 1376.
0
What is the remainder when 257 is divided by 130?
127
What is the remainder when 2872 is divided by 20?
12
What is the remainder when 389 is divided by 5?
4
What is the remainder when 404 is divided by 51?
47
Calculate the remainder when 306 is divided by 11.
9
Calculate the remainder when 166 is divided by 3.
1
What is the remainder when 320 is divided by 18?
14
What is the remainder when 86 is divided by 84?
2
Calculate the remainder when 1072 is divided by 154.
148
Calculate the remainder when 62 is divided by 18.
8
Calculate the remainder when 188 is divided by 166.
22
Calculate the remainder when 812 is divided by 37.
35
Calculate the remainder when 478 is divided by 27.
19
Calculate the remainder when 437 is divided by 60.
17
Calculate the remainder when 66 is divided by 12.
6
Calculate the remainder when 221 is divided by 56.
53
What is the remainder when 105 is divided by 40?
25
What is the remainder when 1788 is divided by 212?
92
What is the remainder when 338 is divided by 95?
53
What is the remainder when 765 is divided by 59?
57
What is the remainder when 6356 is divided by 2?
0
What is the remainder when 395 is divided by 378?
17
What is the remainder when 159 is divided by 40?
39
What is the remainder when 56 is divided by 23?
10
Calculate the remainder when 71 is divided by 41.
30
Calculate the remainder when 182 is divided by 33.
17
Calculate the remainder when 197 is divided by 30.
17
Calculate the remainder when 236 is divided by 68.
32
What is the remainder when 468 is divided by 40?
28
Calculate the remainder when 313 is divided by 15.
13
Calculate the remainder when 24 is divided by 21.
3
What is the remainder when 326 is divided by 22?
18
Calculate the remainder when 90 is divided by 13.
12
What is the remainder when 1590 is divided by 76?
70
What is the remainder when 1296 is divided by 130?
126
Calculate the remainder when 4 is divided by 1.
0
Calculate the remainder when 1201 is divided by 9.
4
What is the remainder when 2817 is divided by 20?
17
What is the remainder when 1732 is divided by 5?
2
Calculate the remainder when 2008 is divided by 84.
76
Calculate the remainder when 254 is divided by 52.
46
Calculate the remainder when 545 is divided by 199.
147
Calculate the remainder when 270 is divided by 23.
17
Calculate the remainder when 88 is divided by 32.
24
What is the remainder when 25 is divided by 7?
4
Calculate the remainder when 307 is divided by 198.
109
Calculate the remainder when 504 is divided by 11.
9
What is the remainder when 594 is divided by 17?
16
What is the remainder when 864 is divided by 150?
114
What is the remainder when 196 is divided by 25?
21
Calculate the remainder when 95 is divided by 14.
11
What is the remainder when 3101 is divided by 23?
19
What is the remainder when 246 is divided by 171?
75
Calculate the remainder when 247 is divided by 232.
15
What is the remainder when 585 is divided by 49?
46
Calculate the remainder when 541 is divided by 266.
9
What is the remainder when 32 is divided by 4?
0
Calculate the remainder when 134 is divided by 28.
22
What is the remainder when 1017 is divided by 254?
1
Calculate the remainder when 43 is divided by 5.
3
What is the remainder when 205 is divided by 73?
59
What is the remainder when 276 is divided by 57?
48
What is the remainder when 1013 is divided by 93?
83
Calculate the remainder when 1256 is divided by 464.
328
Calculate the remainder when 213 is divided by 27.
24
Calculate the remainder when 9863 is divided by 12.
11
What is the remainder when 224 is divided by 76?
72
Calculate the remainder when 3217 is divided by 230.
227
Calculate the remainder when 188 is divided by 29.
14
Calculate the remainder when 685 is divided by 86.
83
What is the remainder when 563 is divided by 192?
179
What is the remainder when 176 is divided by 9?
5
What is the remainder when 37 is divided by 29?
8
Calculate the remainder when 37 is divided by 5.
2
What is the remainder when 244 is divided by 64?
52
Calculate the remainder when 349 is divided by 68.
9
What is the remainder when 51 is divided by 37?
14
Calculate the remainder when 1101 is divided by 69.
66
What is the remainder when 726 is divided by 72?
6
Calculate the remainder when 1091 is divided by 263.
39
What is the remainder when 1621 is divided by 402?
13
What is the remainder when 1393 is divided by 139?
3
Calculate the remainder when 454 is divided by 12.
10
Calculate the remainder when 815 is divided by 52.
35
Calculate the remainder when 48 is divided by 13.
9
Calculate the remainder when 897 is divided by 18.
15
Calculate the remainder when 1014 is divided by 505.
4
What is the remainder when 957 is divided by 80?
77
What is the remainder when 1627 is divided by 314?
57
Calculate the remainder when 82 is divided by 49.
33
What is the remainder when 4287 is divided by 16?
15
Calculate the remainder when 451 is divided by 24.
19
What is the remainder when 1543 is divided by 12?
7
Calculate the remainder when 5889 is divided by 38.
37
What is the remainder when 9613 is divided by 16?
13
What is the remainder when 858 is divided by 380?
98
Calculate the remainder when 361 is divided by 93.
82
What is the remainder when 53 is divided by 15?
8
What is the remainder when 347 is divided by 337?
10
Calculate the remainder when 119 is divided by 52.
15